s of 5724?
2, 3, 53
List the prime factors of 7144.
2, 19, 47
List the prime factors of 10713.
3, 3571
What are the prime factors of 4384?
2, 137
What are the prime factors of 2310?
2, 3, 5, 7, 11
What are the prime factors of 40097?
101, 397
What are the prime factors of 14641?
11
List the prime factors of 1872.
2, 3, 13
List the prime factors of 5972.
2, 1493
What are the prime factors of 78261?
3, 19, 1373
List the prime factors of 39100.
2, 5, 17, 23
List the prime factors of 48019.
31, 1549
List the prime factors of 37379.
37379
List the prime factors of 39912.
2, 3, 1663
What are the prime factors of 10208?
2, 11, 29
List the prime factors of 24298.
2, 12149
List the prime factors of 64301.
64301
What are the prime factors of 776?
2, 97
What are the prime factors of 747?
3, 83
What are the prime factors of 1015?
5, 7, 29
List the prime factors of 25310.
2, 5, 2531
What are the prime factors of 18152?
2, 2269
What are the prime factors of 81987?
3, 27329
What are the prime factors of 9495?
3, 5, 211
What are the prime factors of 6584?
2, 823
List the prime factors of 463.
463
List the prime factors of 10266.
2, 3, 29, 59
What are the prime factors of 1212?
2, 3, 101
What are the prime factors of 7193?
7193
List the prime factors of 2266.
2, 11, 103
List the prime factors of 71641.
31, 2311
List the prime factors of 91347.
3, 30449
What are the prime factors of 183?
3, 61
List the prime factors of 1470.
2, 3, 5, 7
What are the prime factors of 9088?
2, 71
List the prime factors of 17000.
2, 5, 17
What are the prime factors of 1175?
5, 47
List the prime factors of 5002.
2, 41, 61
What are the prime factors of 2273?
2273
List the prime factors of 1727.
11, 157
What are the prime factors of 2532?
2, 3, 211
List the prime factors of 1271.
31, 41
List the prime factors of 9944.
2, 11, 113
What are the prime factors of 3702?
2, 3, 617
List the prime factors of 17976.
2, 3, 7, 107
What are the prime factors of 106793?
269, 397
What are the prime factors of 2439?
3, 271
What are the prime factors of 919?
919
What are the prime factors of 381?
3, 127
What are the prime factors of 92106?
2, 3, 7, 17, 43
What are the prime factors of 64035?
3, 5, 1423
What are the prime factors of 2270?
2, 5, 227
What are the prime factors of 6523?
11, 593
List the prime factors of 3267.
3, 11
List the prime factors of 7879.
7879
List the prime factors of 1750.
2, 5, 7
List the prime factors of 7517.
7517
List the prime factors of 12130.
2, 5, 1213
List the prime factors of 23076.
2, 3, 641
What are the prime factors of 8839?
8839
List the prime factors of 962.
2, 13, 37
What are the prime factors of 9835?
5, 7, 281
What are the prime factors of 38751?
3, 12917
List the prime factors of 8786.
2, 23, 191
What are the prime factors of 336?
2, 3, 7
What are the prime factors of 5994?
2, 3, 37
List the prime factors of 3521.
7, 503
What are the prime factors of 3733?
3733
List the prime factors of 2271.
3, 757
List the prime factors of 970.
2, 5, 97
What are the prime factors of 6776?
2, 7, 11
What are the prime factors of 2172?
2, 3, 181
List the prime factors of 4031.
29, 139
List the prime factors of 1822.
2, 911
List the prime factors of 86143.
86143
What are the prime factors of 3089?
3089
What are the prime factors of 1760?
2, 5, 11
List the prime factors of 1810.
2, 5, 181
What are the prime factors of 12082?
2, 7, 863
List the prime factors of 752.
2, 47
What are the prime factors of 29076?
2, 3, 2423
What are the prime factors of 1362?
2, 3, 227
What are the prime factors of 59038?
2, 7, 4217
What are the prime factors of 8005?
5, 1601
List the prime factors of 2520.
2, 3, 5, 7
List the prime factors of 7879.
7879
List the prime factors of 1073.
29, 37
What are the prime factors of 41646?
2, 3, 11, 631
List the prime factors of 654.
2, 3, 109
What are the prime factors of 5397?
3, 7, 257
List the prime factors of 5003.
5003
List the prime factors of 14629.
14629
List the prime factors of 17693.
13, 1361
List the prime factors of 60840.
2, 3, 5, 13
What are the prime factors of 1195?
5, 239
What are the prime factors of 902?
2, 11, 41
What are the prime factors of 1255?
5, 251
What are the prime factors of 3162?
2, 3, 17, 31
List the prime factors of 284.
2, 71
List the prime factors of 13255.
5, 11, 241
List the prime factors of 2835.
3, 5, 7
What are the prime factors of 4001?
4001
List the prime factors of 32466.
2, 3, 7, 773
List the prime factors of 9379.
83, 113
List the prime factors of 28356.
2, 3, 17, 139
List the prime factors of 4069.
13, 313
What are the prime factors of 2905?
5, 7, 83
What are the prime factors of 35228?
2, 8807
List the prime factors of 13781.
13781
List the prime factors of 23128.
2, 7, 59
What are the prime factors of 62562?
2, 3, 10427
List the prime factors of 2003.
2003
What are the prime factors of 267?
3, 89
List the prime factors of 7925.
5, 317
List the prime factors of 4927.
13, 379
What are the prime factors of 968?
2, 11
List the prime factors of 22287.
3, 17, 19, 23
What are the prime factors of 18020?
2, 5, 17, 53
What are the prime factors of 74165?
5, 7, 13, 163
List the prime factors of 10615.
5, 11, 193
List the prime factors of 44866.
2, 22433
What are the prime factors of 23610?
2, 3, 5, 787
List the prime factors of 5304.
2, 3, 13, 17
What are the prime factors of 1083?
3, 19
List the prime factors of 1719.
3, 191
List the prime factors of 6014.
2, 31, 97
List the prime factors of 7712.
2, 241
List the prime factors of 27019.
41, 659
What are the prime factors of 1345?
5, 269
What are the prime factors of 19803?
3, 7, 23, 41
What are the prime factors of 37889?
37889
List the prime factors of 6227.
13, 479
What are the prime factors of 37943?
19, 1997
List the prime factors of 158109.
3, 7, 7529
What are the prime factors of 1504?
2, 47
List the prime factors of 3922.
2, 37, 53
What are the prime factors of 15352?
2, 19, 101
List the prime factors of 1307.
1307
What are the prime factors of 14809?
59, 251
What are the prime factors of 95873?
95873
What are the prime factors of 33431?
101, 331
List the prime factors of 908.
2, 227
List the prime factors of 98322.
2, 3, 7, 2341
What are the prime factors of 3256?
2, 11, 37
What are the prime factors of 800?
2, 5
What are the prime factors of 905?
5, 181
What are the prime factors of 2324?
2, 7, 83
What are the prime factors of 164?
2, 41
List the prime factors of 11175.
3, 5, 149
List the prime factors of 373.
373
What are the prime factors of 1350?
2, 3, 5
What are the prime factors of 587?
587
List the prime factors of 592.
2, 37
List the prime factors of 11703.
3, 47, 83
What are the prime factors of 8852?
2, 2213
What are the prime factors of 53699?
53699
List the prime factors of 9416.
2, 11, 107
What are the prime factors of 94058?
2, 131, 359
What are the prime factors of 38435?
5, 7687
List the prime factors of 1287.
3, 11, 13
List the prime factors of 1918.
2, 7, 137
List the prime factors of 12132.
2, 3, 337
List the prime factors of 28374.
2, 3, 4729
What are the prime factors of 65073?
3, 109, 199
What are the prime factors of 9612?
2, 3, 89
List the prime factors of 95791.
95791
List the prime factors of 16513.
7, 337
What are the prime factors of 601?
601
List the prime factors of 8154.
2, 3, 151
List the prime factors of 97.
97
List the prime factors of 32442.
2, 3, 5407
What are the prime factors of 2513?
7, 359
List the prime factors of 377.
13, 29
List the prime factors of 37133.
71, 523
What are the prime factors of 55448?
2, 29, 239
What are the prime factors of 3687?
3, 1229
What are the prime factors of 11254?
2, 17, 331
What are the prime factors of 3490?
2, 5, 349
What are the prime factors of 1226?
2, 613
List the prime factors of 227.
227
List the prime factors of 6583.
29, 227
What are the prime factors of 76222?
2, 23, 1657
What are the prime factors of 47328?
2, 3, 17, 29
What are the prime factors of 989?
23, 43
What are the prime factors of 9125?
5, 73
List the prime factors of 21033.
3, 19, 41
What are the prime factors of 114374?
2, 13, 53, 83
List the prime factors of 496.
2, 31
List the prime factors of 2309.
2309
List the prime factors of 2447.
2447
List the prime factors of 13877.
13877
What are the prime factors of 698?
2